e factors of (9/3 - 4) + 59?
2, 29
Let c = 21 + -14. What are the prime factors of c?
7
Let a = 2 - 2. Suppose 4*q - 2 = 3*q. Let k = q - a. List the prime factors of k.
2
Let v(d) = -d**2 - 5*d + 8. Let a be v(-6). Suppose -3*h = -4*m + a*m + 22, -5*m - 5*h + 55 = 0. List the prime factors of m.
11
Let a(t) = -t**3 + t**2 - 8*t + 5. List the prime factors of a(-5).
3, 5, 13
Let h be (-170)/(-7) - (-20)/(-70). Suppose 4*m + g - h = 3*g, 0 = 2*g + 8. What are the prime factors of m?
2
Let c be (-2)/3 + (-68)/(-12). Suppose 4*z = -c*o + 47, -2*o + 5*z - 2*z + 5 = 0. Let l = -2 + o. List the prime factors of l.
5
Let i(z) = 2*z**3 - 4*z**2 - 5*z - 4. Let l(a) = -3*a**3 + 6*a**2 + 8*a + 6. Let v(b) = 8*i(b) + 5*l(b). List the prime factors of v(3).
7
Suppose 2*r + 1001 = 9*r. What are the prime factors of r?
11, 13
Let u(y) = -10*y**2 + y + 5. Let o(g) = g**2 + 1. Let d(t) = 3*o(t) - u(t). Let s be d(2). Suppose 5*a = a + s. List the prime factors of a.
2, 3
Let h(s) be the third derivative of -s**6/120 - 2*s**5/15 - s**4/24 + s**3/6 - 3*s**2. Let w be h(-8). Let y = w + -6. List the prime factors of y.
3
Let d be (8 + -6)*(-42)/(-4). Suppose 3*m + d = 6*m. Suppose m*q = 4*q + 24. What are the prime factors of q?
2
Suppose 4*f = 0, 64 - 25 = d + f. Suppose -z - 5*g = -d, 23 - 1 = 3*z - 4*g. List the prime factors of z.
2, 7
Let q = 14 + -8. Let u(w) = -w**3 + 6*w**2 + 4*w + 4. Let g be u(q). Suppose j + g = 5*j. What are the prime factors of j?
7
Let f(q) = -q**2 - 6*q + 2. Let b be f(-4). Let s = 21 - b. What are the prime factors of s?
11
Let x(q) be the second derivative of q**5/20 + q**4/6 + q**2/2 - q. Let f(s) = 5*s**2 - 3*s. Let h be f(1). What are the prime factors of x(h)?
17
Suppose 5*v + 2*d - 5*d = 709, 5*d = 2*v - 295. List the prime factors of v.
2, 5, 7
Let a = 2 - 5. Let v = 7 + a. List the prime factors of v.
2
Let v(t) = t + 23. List the prime factors of v(-14).
3
Let a(c) = -2*c**2 + c - 1. Let q be a(3). Let d = q + 33. Let y = d + -12. List the prime factors of y.
5
Suppose 3*o + 21 = 108. List the prime factors of o.
29
Let v be -3*((-6)/(-9) + 0). Let h be v/(-9) - (-74)/(-9). Let o = -4 - h. List the prime factors of o.
2
Suppose o - 6*o = 15. Let a = 14 - o. List the prime factors of a.
17
List the prime factors of ((-124)/(-6))/((-2)/(-3)).
31
Suppose 3*r - 5*r + 118 = 0. What are the prime factors of r?
59
Let w = 6 - 4. Suppose i = 2*h - 2, -h = -w - 1. Suppose -i*n = n - 35. List the prime factors of n.
7
Suppose a = -4*a + 10. Let q = a - -3. Suppose -2*k + 23 = -q. List the prime factors of k.
2, 7
Let i be (-408)/(-85) - (-1)/5. Suppose 3 = -i*m + 48. What are the prime factors of m?
3
Let v = -94 - -225. What are the prime factors of v?
131
Suppose 3 = -2*c - 1. Suppose 2*y - y + 5 = 2*s, -3*s - 2*y = -11. Let f = s - c. List the prime factors of f.
5
Let w(l) = -10*l - 6. Let m be w(-11). Suppose d - m = -3*d. What are the prime factors of d?
2, 13
Suppose -16 + 0 = -4*s. Suppose l - s + 1 = 0. List the prime factors of l.
3
Let v = 192 + -84. List the prime factors of v.
2, 3
Let h(m) = m**3 - 5*m**2 - 7*m. Let k be h(6). Let q(l) = -2*l - 2. What are the prime factors of q(k)?
2, 5
Let c(k) = -k**3 + 7*k**2 - 4*k - 3. What are the prime factors of c(6)?
3
Suppose 5*b + 3*i = 3*b + 15, -3*i = 3*b - 18. Let r be -6 + 6 - 2*b. Let c = r - -8. What are the prime factors of c?
2
Let q = 8 - 3. Let p(t) = -t - 6. Let z be p(-8). Let a = q - z. List the prime factors of a.
3
Suppose -30 = -4*m + 2. Let n(p) = -p**3 + 8*p**2 + 2*p + 2. List the prime factors of n(m).
2, 3
Let a(h) = 20*h**2. Let y be -1*4/(16/(-4)). List the prime factors of a(y).
2, 5
Suppose v = -5*l + 7, 2*v - 29 = -8*l + 3*l. List the prime factors of v.
2, 11
Suppose -d = -5*d. Let q = d + 22. What are the prime factors of q?
2, 11
Let w(y) = -2*y + 2. Let j be w(-8). List the prime factors of 2/12 + 69/j.
2
Let l(x) = -x + 9. What are the prime factors of l(-10)?
19
What are the prime factors of (1 - 0 - 0)*(-47 - -106)?
59
Suppose l + 2*l = 5*a + 389, -3*l - 4*a + 380 = 0. List the prime factors of l.
2
Let p(n) be the third derivative of n**5/30 - n**4/8 + 3*n**2. Let r(t) = t**3 + 6*t**2 + 6*t + 7. Let w be r(-5). List the prime factors of p(w).
2
Let b(t) = 23*t**2 + t. What are the prime factors of b(1)?
2, 3
What are the prime factors of (-1764)/(-27) - (-2)/3?
2, 3, 11
Suppose -5*h + 6*r + 1021 = 5*r, h - 200 = -4*r. List the prime factors of h.
2, 3, 17
Let b(l) = -l**3 - 6*l**2 - 8*l - 2. Let t be b(-6). Let g be (-1)/(-2)*t - -1. Suppose -q = -3*q + g. List the prime factors of q.
2, 3
Let w = -1 - -2. Let z(s) = 10*s**2 + 0*s + 2*s + w + 2*s**2. List the prime factors of z(-1).
11
Let c = -21 - -53. List the prime factors of c.
2
Let j(m) = 18*m**2 - 4*m - 3. What are the prime factors of j(-1)?
19
Let o be 14/(-1 + -1 - -1). Let n be (-102)/(-14) - (-4)/o. Suppose -3*k + 14 = -n. What are the prime factors of k?
7
Let i(p) = p**2 + 6*p - 3. Let z(f) = f**3 + 5*f**2 - 5*f - 1. Let y(o) = -6*o**2 - o - 1. Let v be y(-1). Let x be z(v). What are the prime factors of i(x)?
2
Let n(c) = c**3 - 10*c**2 + 3*c + 12. Let s be n(10). What are the prime factors of (-178)/(-14) - (-12)/s?
13
Let a(g) = 5*g - 9. Let j be a(6). Let k = -12 + j. What are the prime factors of k?
3
Let o(z) = -56*z**2 + z. Let t be o(-1). What are the prime factors of (-2 + 15/9)*t?
19
Let w(v) = -v + 1. Let l be w(-4). Suppose -1 = -r - l. What are the prime factors of r*3/12*-3?
3
List the prime factors of (-20)/25*45/(-6).
2, 3
Let c(v) = v**3 - v + 4. Let t be c(0). List the prime factors of (-253)/(-55) - t/(-10).
5
Let r be 10/(-25) - 3/5. What are the prime factors of 9 + (4 + r)/(-3)?
2
Let i be (-4 + 6)*(-2)/(-1). Suppose -i*p + 0*p + 8 = 0. Suppose 34 + 26 = 5*d + 5*t, 4*t = -p*d + 16. What are the prime factors of d?
2
Let p = -8 + 12. Suppose 0 = 5*a - p*a - 2. Suppose 2*b = -k, -5 = -3*k - 3*b + a*b. List the prime factors of k.
2
Let p(d) = -d + 9*d**2 - 4*d**2 - d + d**3. Let g(j) = -2*j - 15. Let x be g(-5). List the prime factors of p(x).
2, 5
Suppose 0 = 2*q + 36 - 132. What are the prime factors of q?
2, 3
What are the prime factors of (-246)/4*(-12)/18?
41
Let r(w) = -4*w - 9. Let n be -2*-4*(0 + -1). Let p be r(n). Let v = 34 - p. List the prime factors of v.
11
Suppose 5*n = n - 32. Let t be 8/((10/n)/(-5)). Let h = t - 22. What are the prime factors of h?
2, 5
Let w = 76 + -43. List the prime factors of w.
3, 11
Let o = 5 + -6. Let s be (-1)/(2*o/16). Suppose 0 = 2*a - s - 4. What are the prime factors of a?
2, 3
Let j = 60 + -9. What are the prime factors of j?
3, 17
Let x be (-2)/(-6) + (-70)/(-6). Let h(r) = r**3 - 11*r**2 - 9*r - 5. List the prime factors of h(x).
31
Let v(b) be the second derivative of b**5/20 + 3*b**4/4 + 7*b**3/6 + b**2/2 + b. Suppose 4*w = 5*y - 4*y - 4, -5*w + 9 = -3*y. List the prime factors of v(y).
3
Let w = 57 + 13. What are the prime factors of w?
2, 5, 7
Suppose 0 = -v - i - 3*i - 19, 2*i = 2*v + 88. What are the prime factors of (-4)/(-26) - 540/v?
2, 7
Let s = -77 + 151. What are the prime factors of s?
2, 37
Suppose 4*r - 11 = 3*r + 5*h, 2*h + 6 = 0. Let o = -3 - r. List the prime factors of 7 - o*(-1)/(-1).
2, 3
Suppose 0*k = 5*k - 20. Suppose 1 = -x + k. List the prime factors of x.
3
Let i = -206 - -367. List the prime factors of i.
7, 23
Let b be (-16)/(-72) - (-70)/9. What are the prime factors of (b/(-20))/(2/(-60))?
2, 3
Let q be (-2)/12 - 892/(-24). Suppose -q = -5*y - 2. What are the prime factors of y?
7
Let t be (-56)/(-21)*6/(-4). Let r be (1 - -13) + (-6 - t). Suppose 4*k - r = -2*u, 4*u - 60 = -4*k + 8*k. List the prime factors of u.
2, 3
Suppose -2*p - 8 = 2. Let s = p - -8. Let k = 5 + s. What are the prime factors of k?
2
Let t be ((-6)/(-8))/((-6)/(-24)). Suppose 2*c - t*m - 103 = 0, 0*c = 2*c + 4*m - 82. What are the prime factors of c?
47
Suppose -3*q = -6*q + 78. Suppose 4*l + 5*f = -80, 3*l + 0*f + 61 = -4*f. Let h = q + l. What are the prime factors of h?
11
Let o = 6 - 1. Let w be 1/(-2)*(o - 1). List the prime factors of w/(-6)*(-42)/(-2).
7
Let j = 0 - -20. What are the prime factors of j?
2, 5
Let s(y) = y**3 - 3*y**2 - 1 + 2*y + 5 - 6*y. Let c be s(4). Suppose -3*q + c*x = -20, 0